{"id":3,"date":"2023-11-15T10:33:49","date_gmt":"2023-11-15T10:33:49","guid":{"rendered":"https:\/\/miurltemporal.com/main/joyitasdeacero.es\/?page_id=3"},"modified":"2024-02-15T07:20:41","modified_gmt":"2024-02-15T07:20:41","slug":"politica-de-privacidad","status":"publish","type":"page","link":"https:\/\/miurltemporal.com/main/joyitasdeacero.es\/politica-de-privacidad\/","title":{"rendered":"Pol\u00edtica de Privacidad"},"content":{"rendered":"\t\t<div data-elementor-type=\"wp-page\" data-elementor-id=\"3\" class=\"elementor elementor-3\" data-elementor-post-type=\"page\">\n\t\t\t\t<div class=\"elementor-element elementor-element-6b55d781 e-flex e-con-boxed e-con e-parent\" data-id=\"6b55d781\" data-element_type=\"container\" data-e-type=\"container\">\n\t\t\t\t\t<div class=\"e-con-inner\">\n\t\t\t\t<div class=\"elementor-element elementor-element-cdedf72 elementor-widget elementor-widget-heading\" data-id=\"cdedf72\" data-element_type=\"widget\" data-e-type=\"widget\" data-widget_type=\"heading.default\">\n\t\t\t\t<div class=\"elementor-widget-container\">\n\t\t\t\t\t<h2 class=\"elementor-heading-title elementor-size-default\">Pol\u00edtica de privacidad<\/h2>\t\t\t\t<\/div>\n\t\t\t\t<\/div>\n\t\t\t\t<div class=\"elementor-element elementor-element-3d1c6040 elementor-widget elementor-widget-text-editor\" data-id=\"3d1c6040\" data-element_type=\"widget\" data-e-type=\"widget\" data-widget_type=\"text-editor.default\">\n\t\t\t\t<div class=\"elementor-widget-container\">\n\t\t\t\t\t\t\t\t\t\n<p>En Joyitas de Acero #by La Gaviota nos preocupamos por la privacidad y la transparencia.<\/p>\n<p>A continuaci\u00f3n, le indicamos en detalle los tratamientos de datos personales que realizamos, as\u00ed como toda la informaci\u00f3n relativa a los mismos.<\/p>\n<p>\u00a0<\/p>\n<h4 class=\"wp-block-heading\">PROTECCION DE DATOS PERSONALES \u2013 PRIVACIDAD<\/h4>\n<p>El prestador se encuentra profundamente comprometido con el cumplimiento de la normativa en protecci\u00f3n de datos de car\u00e1cter personal, y garantiza el cumplimiento \u00edntegro de las obligaciones dispuestas, as\u00ed como la implementaci\u00f3n de las medidas de seguridad t\u00e9cnicas y organizativas, seg\u00fan lo establecido en el Reglamento General de Protecci\u00f3n de Datos de Europa UE 2016\/679 (RGPD) y en la Ley 3\/2018 de Protecci\u00f3n de Datos y Garant\u00eda de los Derechos Digitales (LOPD-GDD)<\/p>\n<p>El prestador pone a disposici\u00f3n de los usuarios la Pol\u00edtica de Privacidad de la entidad informando a los usuarios respecto a los siguientes aspectos:<\/p>\n<p>1. Datos del responsable del tratamiento.<br \/>2. Finalidad.<br \/>3. Legitimaci\u00f3n.<br \/>4. Destinatarios.<br \/>5. Procedencia.<br \/>6. Informaci\u00f3n adicional.<\/p>\n<p>Cuando precisemos obtener informaci\u00f3n personal por su parte, siempre se solicita que nos la proporcione de manera voluntariamente y de forma expresa.<\/p>\n<p>En cumplimiento la normativa en Protecci\u00f3n de Datos de Car\u00e1cter Personal, consiente expl\u00edcitamente a que los datos personales facilitados, sean tratados bajo nuestra responsabilidad, para realizar las siguientes finalidades.<\/p>\n<p>1.- Gestionar nuestra relaci\u00f3n y ofrecerle el servicio solicitado personalizado.<\/p>\n<p>2.- La tramitaci\u00f3n de consultas, asesoramiento, encargos, solicitudes o cualquier tipo de petici\u00f3n que sea realizada por el usuario a trav\u00e9s de cualquiera de las formas de contacto que se ponen a disposici\u00f3n del usuario en el sitio web de Joyitas de Acero.<\/p>\n<p>3.- Remisi\u00f3n de comunicaciones comerciales publicitarias sobre nuestros productos por e-mail, fax, SMS, MMS, comunidades sociales o cualesquier otro medio electr\u00f3nico o f\u00edsico, presente o futuro, que posibilite realizar comunicaciones comerciales.<\/p>\n<p>Todos los datos solicitados son obligatorios, de no facilitarlos, ser\u00eda imposible llevar a cabo la finalidad para la que se solicitan en cada caso.<\/p>\n<p>\u00a0<\/p>\n<h4>INFORMACI\u00d3N DEL TRATAMIENTO<\/h4>\n<p>Seg\u00fan lo dispuesto en el Reglamento General de Protecci\u00f3n de Datos UE 2016\/679, y en la Ley 3\/2018 de Protecci\u00f3n de Datos Personales y Garant\u00edas de los Derechos Digitales, el usuario debe recibir informaci\u00f3n puntual y concreta del responsable del tratamiento y los usos y fines del mismo. Para ello, se indica la siguiente informaci\u00f3n:<\/p>\n<p><strong>1. \u00bfQui\u00e9n es el responsable del tratamiento de sus datos?<\/strong><\/p>\n<p>El\u00edas Molina Llongarriu<br \/>Nif: 09202269S<\/p>\n<p>C\/ SAN ANT\u00d3N, 4 \u2013 10003 \u2013 CACERES \u2013 CACERES.<\/p>\n<p>670484663.<\/p>\n<p>tienda@joyitasdeacero.es.<\/p>\n<p><strong>2. \u00bfCon qu\u00e9 finalidad tratamos sus datos personales?<\/strong><br \/>En Joyitas de Acero tratamos la informaci\u00f3n que nos facilitan las personas interesadas con el fin de realizar las siguientes finalidades:<\/p>\n<p>1. GESTI\u00d3N DE CLIENTES: Realizar la gesti\u00f3n administrativa, contable y fiscal de los servicios solicitados, as\u00ed como enviar comunicaciones comerciales sobre nuestros productos y servicios.<br \/>2. GESTI\u00d3N DE PROVEEDORES: La gesti\u00f3n administrativa, contable y fiscal de los servicios contratados, as\u00ed como de las personas de contacto.<br \/>3. GESTI\u00d3N DE TRABAJADORES: Gestionar la relaci\u00f3n laboral y control empresarial.<br \/>4. FORMULARIOS DE CONTACTO: Sobre los formularios de contacto de nuestra Web, atender su solicitud y enviarle comunicaciones comerciales, inclusive por v\u00eda electr\u00f3nica.<br \/>5. GESTI\u00d3N DE VIDEOVIGILANCIA: Garantizar la seguridad de personas, bienes e instalaciones y el control empresarial.<br \/>6. GESTION DE SELECCI\u00d3N DE PERSONAL: Gestionar los Curriculums Vitae recibidos y realizar los procesos de selecci\u00f3n de personal.<\/p>\n<p><strong>3. \u00bfPor cu\u00e1nto tiempo conservaremos sus datos?<\/strong><br \/>Los datos se conservar\u00e1n:<\/p>\n<p>1. Mientras se mantenga la relaci\u00f3n contractual o durante los a\u00f1os necesarios para cumplir con las obligaciones legales.<br \/>2. En referencia a los datos obtenidos a trav\u00e9s de los formularios de contacto mientras no solicite la supresi\u00f3n de sus datos.<br \/>3. Mientras se mantenga la relaci\u00f3n laboral con la entidad y durante los a\u00f1os necesarios para cumplir con las obligaciones legales.<br \/>4. \u00bfCu\u00e1l es la legitimaci\u00f3n para el tratamiento de sus datos?<br \/>Le indicamos la base legal para el tratamiento de sus datos:<\/p>\n<p><strong>1. GESTI\u00d3N DE CLIENTES:<\/strong><br \/>a.\u200bEjecuci\u00f3n de un contrato: Realizar la gesti\u00f3n administrativa, contable y fiscal de los servicios solicitados.<\/p>\n<p>b.\u200bInter\u00e9s leg\u00edtimo del responsable: La utilizaci\u00f3n de la red social WhatsApp de mensajer\u00eda instant\u00e1nea como medio de comunicaci\u00f3n. Enviar comunicaciones comerciales v\u00eda electr\u00f3nica sobre nuestros productos y servicios.<\/p>\n<p><strong>2. GESTI\u00d3N DE PROVEEDORES:<\/strong><br \/>a.\u200bEjecuci\u00f3n de un contrato: Realizar la gesti\u00f3n administrativa, contable y fiscal de los servicios contratados, as\u00ed como de las personas de contacto.<\/p>\n<p>b.\u200bInter\u00e9s leg\u00edtimo del responsable: La utilizaci\u00f3n de la red social WhatsApp de mensajer\u00eda instant\u00e1nea como medio de comunicaci\u00f3n.<\/p>\n<p><strong>3. GESTI\u00d3N DE TRABAJADORES:<\/strong><br \/>a.\u200bEjecuci\u00f3n de un contrato: Gesti\u00f3n de personal y formaci\u00f3n<\/p>\n<p>b.\u200bCumplimiento de una obligaci\u00f3n legal: Prevenci\u00f3n de riesgos laborales y vigilancia de la salud; elaboraci\u00f3n de n\u00f3minas, seguros sociales y cotizaciones.<\/p>\n<p>c.\u200bInter\u00e9s leg\u00edtimo del responsable: Control empresarial<\/p>\n<p><strong>4. FORMULARIOS DE CONTACTO:<\/strong><br \/>a.\u200bEjecuci\u00f3n de un contrato: Atender su solicitud.<\/p>\n<p>b.\u200bConsentimiento del interesado: Enviarle comunicaciones comerciales, inclusive por v\u00eda electr\u00f3nica.<\/p>\n<p><strong>5. GESTION DE VIDEOVIGILANCIA:<\/strong><br \/>a. Misi\u00f3n en Inter\u00e9s p\u00fablico: Garantizar la seguridad de las personas, bienes e instalaciones<br \/>b.\u200bControl empresarial: a trav\u00e9s del circuito de videovigilancia.<\/p>\n<p><strong>6. GESTI\u00d3N DE SELECCI\u00d3N DE PERSONAL:<\/strong><br \/>a. Consentimiento del interesado: Gestionar los Curriculums Vitae recibidos y realizar los procesos de selecci\u00f3n de personal.<\/p>\n<p><strong>5. \u00bfA qu\u00e9 destinatarios se comunicar\u00e1n sus datos?<\/strong><br \/>Los datos se comunicar\u00e1n a los siguientes destinatarios:<\/p>\n<p><strong>1. GESTI\u00d3N DE CLIENTES:<\/strong><br \/>a.\u200bAdministraci\u00f3n Tributaria, con la finalidad de cumplir con las obligaciones legales (requisito legal).<\/p>\n<p>b.\u200bEntidades bancarias, con la finalidad de girar los recibos correspondientes (requisito contractual).<\/p>\n<p><strong>2. GESTI\u00d3N DE PROVEEDORES:<\/strong><br \/>a.\u200bAdministraci\u00f3n Tributaria, con la finalidad de cumplir con las obligaciones legales (requisito legal).<\/p>\n<p>b.\u200bEntidades bancarias, con la finalidad de realizar los pagos correspondientes (requisito contractual).<\/p>\n<p><strong>3. GESTION DE TRABAJADORES:<\/strong><br \/>a.\u200bAdministraci\u00f3n Tributaria, con la finalidad de cumplir con las obligaciones legales (requisito legal).<\/p>\n<p>b.\u200bEntidades bancarias, con la finalidad de realizar los pagos correspondientes (requisito contractual).<\/p>\n<p>c.\u200bFundaci\u00f3n estatal para la formaci\u00f3n en el empleo (Fundae), con la finalidad de realizar la gesti\u00f3n de los cursos bonificados (requisito contractual).<\/p>\n<p><strong>4. FORMULARIOS DE CONTACTO:<\/strong><br \/>No se ceder\u00e1n datos a terceros, salvo obligaci\u00f3n legal.<\/p>\n<p><strong>5. GESTION DE VIDEOVIGILANCIA:<\/strong><br \/>a. Fuerzas y cuerpos de seguridad.<\/p>\n<p>b. Otros destinatarios: Juzgados y Tribunales<\/p>\n<p><strong>6. GESTI\u00d3N DE SELECCI\u00d3N DE PERSONAL:<\/strong><br \/>No se ceder\u00e1n datos a terceros, salvo obligaci\u00f3n legal.<\/p>\n<p><strong>6. \u00bfTransferencias de datos a terceros pa\u00edses?<\/strong><br \/>Est\u00e1n previstas las siguientes transferencias de datos a terceros pa\u00edses de su n\u00famero de tel\u00e9fono por la utilizaci\u00f3n de la red social WhatsApp de mensajer\u00eda instant\u00e1nea como medio de comunicaci\u00f3n:<\/p>\n<p><strong>\u2022 WhatsApp Ireland Limited<\/strong>, con la finalidad de Prestaci\u00f3n de servicios de red social para mensajer\u00eda instant\u00e1nea. La garant\u00eda para esta transferencia se ha establecido a trav\u00e9s de: Cl\u00e1usulas tipo de protecci\u00f3n de datos. Puede consultar informaci\u00f3n adicional en: Pol\u00edtica privacidad, 4 Grand Canal Square Grand Canal Harbour Dublin 2 Ireland; https:\/\/www.whatsapp.com\/contact\/?subject=privacy&amp;eea=1; https:\/\/www.whatsapp.com\/legal\/#privacy-policy.<\/p>\n<p><strong>7. \u00bfCu\u00e1les son sus derechos cuando nos facilita sus datos?<\/strong><br \/>Cualquier persona tiene derecho a obtener confirmaci\u00f3n sobre si en\u00a0Joyitas de Acero estamos tratando, o no, datos personales que les conciernan.<\/p>\n<p>Las personas interesadas tienen derecho a acceder a sus datos personales, as\u00ed como a solicitar la rectificaci\u00f3n de los datos inexactos o, en su caso, solicitar su supresi\u00f3n cuando, entre otros motivos, los datos ya no sean necesarios para los fines que fueron recogidos. Igualmente tiene derecho a la portabilidad de sus datos.<\/p>\n<p>En determinadas circunstancias, los interesados podr\u00e1n solicitar la limitaci\u00f3n del tratamiento de sus datos, en cuyo caso \u00fanicamente los conservaremos para el ejercicio o la defensa de reclamaciones.<\/p>\n<p>En determinadas circunstancias y por motivos relacionados con su situaci\u00f3n particular, los interesados podr\u00e1n oponerse al tratamiento de sus datos. En este caso, Joyitas de Acero dejar\u00e1 de tratar los datos, salvo por motivos leg\u00edtimos imperiosos, o el ejercicio o la defensa de posibles reclamaciones.<\/p>\n<p>Podr\u00e1 ejercitar materialmente sus derechos de la siguiente forma: dirigi\u00e9ndose a tienda@joyitasdeacero.es o C\/ SAN ANT\u00d3N, 4 \u2013 10003 CACERES, CACERES (ESPA\u00d1A).<\/p>\n<p>Cuando se realice el env\u00edo de comunicaciones comerciales utilizando como base jur\u00eddica el inter\u00e9s leg\u00edtimo del responsable, el interesado podr\u00e1 oponerse al tratamiento de sus datos con ese fin.<\/p>\n<p>El consentimiento otorgado es para todas las finalidades indicadas cuya base legal es el consentimiento del interesado. Tiene derecho a retirar dicho consentimiento en cualquier momento, sin que ello afecte a la licitud del tratamiento basado en el consentimiento previo a su retirada.<\/p>\n<p>En caso de que sienta vulnerados sus derechos en lo concerniente a la protecci\u00f3n de sus datos personales, especialmente cuando no haya obtenido satisfacci\u00f3n en el ejercicio de sus derechos, puede presentar una reclamaci\u00f3n ante la Autoridad de Control en materia de Protecci\u00f3n de Datos competente a trav\u00e9s de su sitio web: www.aepd.es.<\/p>\n<p><strong>8. \u00bfC\u00f3mo hemos obtenido sus datos?<\/strong><br \/>Los datos personales que tratamos en Joyitas de Acero proceden del propio interesado o su representante legal.<\/p>\n<p>Las categor\u00edas de datos que se tratan son:<\/p>\n<p>\u2022 Datos identificativos.<br \/>\u2022 Direcciones postales y electr\u00f3nicas.<br \/>\u2022 Informaci\u00f3n comercial.<br \/>\u2022 Datos econ\u00f3mico<\/p>\n\t\t\t\t\t\t\t\t<\/div>\n\t\t\t\t<\/div>\n\t\t\t\t\t<\/div>\n\t\t\t\t<\/div>\n\t\t\t\t<\/div>\n\t\t","protected":false},"excerpt":{"rendered":"<p>Pol\u00edtica de privacidad En Joyitas de Acero #by La Gaviota nos preocupamos por la privacidad y la transparencia. A continuaci\u00f3n, le indicamos en detalle los tratamientos de datos personales que realizamos, as\u00ed como toda la informaci\u00f3n relativa a los mismos. \u00a0 PROTECCION DE DATOS PERSONALES \u2013 PRIVACIDAD El prestador se encuentra profundamente comprometido con el [&hellip;]<\/p>\n","protected":false},"author":1,"featured_media":0,"parent":0,"menu_order":0,"comment_status":"closed","ping_status":"closed","template":"","meta":{"_seopress_robots_primary_cat":"","_seopress_titles_title":"","_seopress_titles_desc":"","_seopress_robots_index":"","footnotes":""},"class_list":["post-3","page","type-page","status-publish","hentry"],"_links":{"self":[{"href":"https:\/\/miurltemporal.com/main/joyitasdeacero.es\/wp-json\/wp\/v2\/pages\/3","targetHints":{"allow":["GET"]}}],"collection":[{"href":"https:\/\/miurltemporal.com/main/joyitasdeacero.es\/wp-json\/wp\/v2\/pages"}],"about":[{"href":"https:\/\/miurltemporal.com/main/joyitasdeacero.es\/wp-json\/wp\/v2\/types\/page"}],"author":[{"embeddable":true,"href":"https:\/\/miurltemporal.com/main/joyitasdeacero.es\/wp-json\/wp\/v2\/users\/1"}],"replies":[{"embeddable":true,"href":"https:\/\/miurltemporal.com/main/joyitasdeacero.es\/wp-json\/wp\/v2\/comments?post=3"}],"version-history":[{"count":0,"href":"https:\/\/miurltemporal.com/main/joyitasdeacero.es\/wp-json\/wp\/v2\/pages\/3\/revisions"}],"wp:attachment":[{"href":"https:\/\/miurltemporal.com/main/joyitasdeacero.es\/wp-json\/wp\/v2\/media?parent=3"}],"curies":[{"name":"wp","href":"https:\/\/api.w.org\/{rel}","templated":true}]}}