{"id":1767,"date":"2023-12-11T12:54:33","date_gmt":"2023-12-11T12:54:33","guid":{"rendered":"https:\/\/miurltemporal.com/main/joyitasdeacero.es\/?page_id=1767"},"modified":"2026-02-11T18:48:47","modified_gmt":"2026-02-11T18:48:47","slug":"nosotros","status":"publish","type":"page","link":"https:\/\/miurltemporal.com/main/joyitasdeacero.es\/nosotros\/","title":{"rendered":"Nosotros"},"content":{"rendered":"\t\t<div data-elementor-type=\"wp-page\" data-elementor-id=\"1767\" class=\"elementor elementor-1767\" data-elementor-post-type=\"page\">\n\t\t\t\t\t\t<section class=\"elementor-section elementor-top-section elementor-element elementor-element-6f96879d elementor-section-boxed elementor-section-height-default elementor-section-height-default\" data-id=\"6f96879d\" data-element_type=\"section\" data-e-type=\"section\">\n\t\t\t\t\t\t<div class=\"elementor-container elementor-column-gap-wide\">\n\t\t\t\t\t<div class=\"elementor-column elementor-col-50 elementor-top-column elementor-element elementor-element-51954091\" data-id=\"51954091\" data-element_type=\"column\" data-e-type=\"column\">\n\t\t\t<div class=\"elementor-widget-wrap elementor-element-populated\">\n\t\t\t\t\t\t<section class=\"elementor-section elementor-inner-section elementor-element elementor-element-4c5c760c elementor-section-boxed elementor-section-height-default elementor-section-height-default\" data-id=\"4c5c760c\" data-element_type=\"section\" data-e-type=\"section\">\n\t\t\t\t\t\t<div class=\"elementor-container elementor-column-gap-default\">\n\t\t\t\t\t<div class=\"elementor-column elementor-col-50 elementor-inner-column elementor-element elementor-element-1845623f elementor-hidden-mobile\" data-id=\"1845623f\" data-element_type=\"column\" data-e-type=\"column\">\n\t\t\t<div class=\"elementor-widget-wrap elementor-element-populated\">\n\t\t\t\t\t\t<div class=\"elementor-element elementor-element-6daf667a elementor-widget elementor-widget-image\" data-id=\"6daf667a\" data-element_type=\"widget\" data-e-type=\"widget\" data-settings=\"{&quot;motion_fx_motion_fx_scrolling&quot;:&quot;yes&quot;,&quot;motion_fx_range&quot;:&quot;viewport&quot;,&quot;motion_fx_devices&quot;:[&quot;desktop&quot;,&quot;tablet&quot;,&quot;mobile&quot;]}\" data-widget_type=\"image.default\">\n\t\t\t\t<div class=\"elementor-widget-container\">\n\t\t\t\t\t\t\t\t\t\t\t\t\t\t\t<img fetchpriority=\"high\" decoding=\"async\" width=\"800\" height=\"1000\" src=\"https:\/\/miurltemporal.com/main/joyitasdeacero.es\/wp-content\/uploads\/2023\/12\/anillos-plata_0035__MG_3288-copia-819x1024.jpg\" class=\"attachment-large size-large wp-image-1052\" alt=\"Anillo de acero - Joyitas de Acero\" srcset=\"https:\/\/miurltemporal.com/main/joyitasdeacero.es\/wp-content\/uploads\/2023\/12\/anillos-plata_0035__MG_3288-copia-819x1024.jpg 819w, https:\/\/miurltemporal.com/main/joyitasdeacero.es\/wp-content\/uploads\/2023\/12\/anillos-plata_0035__MG_3288-copia-240x300.jpg 240w, https:\/\/miurltemporal.com/main/joyitasdeacero.es\/wp-content\/uploads\/2023\/12\/anillos-plata_0035__MG_3288-copia-768x960.jpg 768w, https:\/\/miurltemporal.com/main/joyitasdeacero.es\/wp-content\/uploads\/2023\/12\/anillos-plata_0035__MG_3288-copia-600x750.jpg 600w, https:\/\/miurltemporal.com/main/joyitasdeacero.es\/wp-content\/uploads\/2023\/12\/anillos-plata_0035__MG_3288-copia.jpg 1080w\" sizes=\"(max-width: 800px) 100vw, 800px\" \/>\t\t\t\t\t\t\t\t\t\t\t\t\t\t\t<\/div>\n\t\t\t\t<\/div>\n\t\t\t\t<div class=\"elementor-element elementor-element-6f7cb465 elementor-widget elementor-widget-image\" data-id=\"6f7cb465\" data-element_type=\"widget\" data-e-type=\"widget\" data-settings=\"{&quot;motion_fx_motion_fx_scrolling&quot;:&quot;yes&quot;,&quot;motion_fx_range&quot;:&quot;viewport&quot;,&quot;motion_fx_devices&quot;:[&quot;desktop&quot;,&quot;tablet&quot;,&quot;mobile&quot;]}\" data-widget_type=\"image.default\">\n\t\t\t\t<div class=\"elementor-widget-container\">\n\t\t\t\t\t\t\t\t\t\t\t\t\t\t\t<img decoding=\"async\" width=\"800\" height=\"533\" src=\"https:\/\/miurltemporal.com/main/joyitasdeacero.es\/wp-content\/uploads\/2023\/11\/chicaanillos.jpg\" class=\"attachment-large size-large wp-image-491\" alt=\"Joyitas de Acero\" srcset=\"https:\/\/miurltemporal.com/main/joyitasdeacero.es\/wp-content\/uploads\/2023\/11\/chicaanillos.jpg 900w, https:\/\/miurltemporal.com/main/joyitasdeacero.es\/wp-content\/uploads\/2023\/11\/chicaanillos-300x200.jpg 300w, https:\/\/miurltemporal.com/main/joyitasdeacero.es\/wp-content\/uploads\/2023\/11\/chicaanillos-768x512.jpg 768w, https:\/\/miurltemporal.com/main/joyitasdeacero.es\/wp-content\/uploads\/2023\/11\/chicaanillos-600x400.jpg 600w\" sizes=\"(max-width: 800px) 100vw, 800px\" \/>\t\t\t\t\t\t\t\t\t\t\t\t\t\t\t<\/div>\n\t\t\t\t<\/div>\n\t\t\t\t<div class=\"elementor-element elementor-element-dc1d43b elementor-widget elementor-widget-image\" data-id=\"dc1d43b\" data-element_type=\"widget\" data-e-type=\"widget\" data-settings=\"{&quot;motion_fx_motion_fx_scrolling&quot;:&quot;yes&quot;,&quot;motion_fx_range&quot;:&quot;viewport&quot;,&quot;motion_fx_devices&quot;:[&quot;desktop&quot;,&quot;tablet&quot;,&quot;mobile&quot;]}\" data-widget_type=\"image.default\">\n\t\t\t\t<div class=\"elementor-widget-container\">\n\t\t\t\t\t\t\t\t\t\t\t\t\t\t\t<img decoding=\"async\" width=\"800\" height=\"1000\" src=\"https:\/\/miurltemporal.com/main/joyitasdeacero.es\/wp-content\/uploads\/2023\/12\/Anillo-oro-_0026__MG_3426-copia-819x1024.jpg\" class=\"attachment-large size-large wp-image-983\" alt=\"Anillo de acero con ba\u00f1o de oro - Joyitas de Acero\" srcset=\"https:\/\/miurltemporal.com/main/joyitasdeacero.es\/wp-content\/uploads\/2023\/12\/Anillo-oro-_0026__MG_3426-copia-819x1024.jpg 819w, https:\/\/miurltemporal.com/main/joyitasdeacero.es\/wp-content\/uploads\/2023\/12\/Anillo-oro-_0026__MG_3426-copia-240x300.jpg 240w, https:\/\/miurltemporal.com/main/joyitasdeacero.es\/wp-content\/uploads\/2023\/12\/Anillo-oro-_0026__MG_3426-copia-768x960.jpg 768w, https:\/\/miurltemporal.com/main/joyitasdeacero.es\/wp-content\/uploads\/2023\/12\/Anillo-oro-_0026__MG_3426-copia-600x750.jpg 600w, https:\/\/miurltemporal.com/main/joyitasdeacero.es\/wp-content\/uploads\/2023\/12\/Anillo-oro-_0026__MG_3426-copia.jpg 1080w\" sizes=\"(max-width: 800px) 100vw, 800px\" \/>\t\t\t\t\t\t\t\t\t\t\t\t\t\t\t<\/div>\n\t\t\t\t<\/div>\n\t\t\t\t\t<\/div>\n\t\t<\/div>\n\t\t\t\t<div class=\"elementor-column elementor-col-50 elementor-inner-column elementor-element elementor-element-57b3b636 elementor-hidden-tablet elementor-hidden-mobile\" data-id=\"57b3b636\" data-element_type=\"column\" data-e-type=\"column\">\n\t\t\t<div class=\"elementor-widget-wrap elementor-element-populated\">\n\t\t\t\t\t\t<div class=\"elementor-element elementor-element-7626115e elementor-widget elementor-widget-image\" data-id=\"7626115e\" data-element_type=\"widget\" data-e-type=\"widget\" data-settings=\"{&quot;motion_fx_motion_fx_scrolling&quot;:&quot;yes&quot;,&quot;motion_fx_range&quot;:&quot;viewport&quot;,&quot;motion_fx_devices&quot;:[&quot;desktop&quot;,&quot;tablet&quot;,&quot;mobile&quot;]}\" data-widget_type=\"image.default\">\n\t\t\t\t<div class=\"elementor-widget-container\">\n\t\t\t\t\t\t\t\t\t\t\t\t\t\t\t<img loading=\"lazy\" decoding=\"async\" width=\"600\" height=\"899\" src=\"https:\/\/miurltemporal.com/main/joyitasdeacero.es\/wp-content\/uploads\/2023\/11\/pusera.jpg\" class=\"attachment-large size-large wp-image-668\" alt=\"Joyitas de Acero\" srcset=\"https:\/\/miurltemporal.com/main/joyitasdeacero.es\/wp-content\/uploads\/2023\/11\/pusera.jpg 600w, https:\/\/miurltemporal.com/main/joyitasdeacero.es\/wp-content\/uploads\/2023\/11\/pusera-200x300.jpg 200w\" sizes=\"(max-width: 600px) 100vw, 600px\" \/>\t\t\t\t\t\t\t\t\t\t\t\t\t\t\t<\/div>\n\t\t\t\t<\/div>\n\t\t\t\t<div class=\"elementor-element elementor-element-778fc882 elementor-widget elementor-widget-image\" data-id=\"778fc882\" data-element_type=\"widget\" data-e-type=\"widget\" data-settings=\"{&quot;motion_fx_motion_fx_scrolling&quot;:&quot;yes&quot;,&quot;motion_fx_range&quot;:&quot;viewport&quot;,&quot;motion_fx_devices&quot;:[&quot;desktop&quot;,&quot;tablet&quot;,&quot;mobile&quot;]}\" data-widget_type=\"image.default\">\n\t\t\t\t<div class=\"elementor-widget-container\">\n\t\t\t\t\t\t\t\t\t\t\t\t\t\t\t<img loading=\"lazy\" decoding=\"async\" width=\"800\" height=\"1000\" src=\"https:\/\/miurltemporal.com/main/joyitasdeacero.es\/wp-content\/uploads\/2023\/12\/pulseras-oro_0011__MG_3595-copia-819x1024.jpg\" class=\"attachment-large size-large wp-image-1069\" alt=\"Pulsera de acero con ba\u00f1o de oro - Joyitas de Acero\" srcset=\"https:\/\/miurltemporal.com/main/joyitasdeacero.es\/wp-content\/uploads\/2023\/12\/pulseras-oro_0011__MG_3595-copia-819x1024.jpg 819w, https:\/\/miurltemporal.com/main/joyitasdeacero.es\/wp-content\/uploads\/2023\/12\/pulseras-oro_0011__MG_3595-copia-240x300.jpg 240w, https:\/\/miurltemporal.com/main/joyitasdeacero.es\/wp-content\/uploads\/2023\/12\/pulseras-oro_0011__MG_3595-copia-768x960.jpg 768w, https:\/\/miurltemporal.com/main/joyitasdeacero.es\/wp-content\/uploads\/2023\/12\/pulseras-oro_0011__MG_3595-copia-600x750.jpg 600w, https:\/\/miurltemporal.com/main/joyitasdeacero.es\/wp-content\/uploads\/2023\/12\/pulseras-oro_0011__MG_3595-copia.jpg 1080w\" sizes=\"(max-width: 800px) 100vw, 800px\" \/>\t\t\t\t\t\t\t\t\t\t\t\t\t\t\t<\/div>\n\t\t\t\t<\/div>\n\t\t\t\t<div class=\"elementor-element elementor-element-dafbfc5 elementor-widget elementor-widget-image\" data-id=\"dafbfc5\" data-element_type=\"widget\" data-e-type=\"widget\" data-settings=\"{&quot;motion_fx_motion_fx_scrolling&quot;:&quot;yes&quot;,&quot;motion_fx_range&quot;:&quot;viewport&quot;,&quot;motion_fx_devices&quot;:[&quot;desktop&quot;,&quot;tablet&quot;,&quot;mobile&quot;]}\" data-widget_type=\"image.default\">\n\t\t\t\t<div class=\"elementor-widget-container\">\n\t\t\t\t\t\t\t\t\t\t\t\t\t\t\t<img decoding=\"async\" src=\"https:\/\/miurltemporal.com/main/joyitasdeacero.es\/wp-content\/uploads\/2023\/11\/anillo-1.jpg\" title=\"\" alt=\"\" loading=\"lazy\" \/>\t\t\t\t\t\t\t\t\t\t\t\t\t\t\t<\/div>\n\t\t\t\t<\/div>\n\t\t\t\t\t<\/div>\n\t\t<\/div>\n\t\t\t\t\t<\/div>\n\t\t<\/section>\n\t\t\t\t\t<\/div>\n\t\t<\/div>\n\t\t\t\t<div class=\"elementor-column elementor-col-50 elementor-top-column elementor-element elementor-element-6fda4797\" data-id=\"6fda4797\" data-element_type=\"column\" data-e-type=\"column\">\n\t\t\t<div class=\"elementor-widget-wrap elementor-element-populated\">\n\t\t\t\t\t\t<div class=\"elementor-element elementor-element-7c5765e2 elementor-widget elementor-widget-heading\" data-id=\"7c5765e2\" data-element_type=\"widget\" data-e-type=\"widget\" data-widget_type=\"heading.default\">\n\t\t\t\t<div class=\"elementor-widget-container\">\n\t\t\t\t\t<h2 class=\"elementor-heading-title elementor-size-default\">Descubre la Elegancia<\/h2>\t\t\t\t<\/div>\n\t\t\t\t<\/div>\n\t\t\t\t<div class=\"elementor-element elementor-element-3c7fb257 elementor-widget elementor-widget-heading\" data-id=\"3c7fb257\" data-element_type=\"widget\" data-e-type=\"widget\" data-widget_type=\"heading.default\">\n\t\t\t\t<div class=\"elementor-widget-container\">\n\t\t\t\t\t<h2 class=\"elementor-heading-title elementor-size-default\">Joyitas de Acero<\/h2>\t\t\t\t<\/div>\n\t\t\t\t<\/div>\n\t\t\t\t<div class=\"elementor-element elementor-element-22efda48 elementor-widget elementor-widget-text-editor\" data-id=\"22efda48\" data-element_type=\"widget\" data-e-type=\"widget\" data-widget_type=\"text-editor.default\">\n\t\t\t\t<div class=\"elementor-widget-container\">\n\t\t\t\t\t\t\t\t\t<div class=\"flex-shrink-0 flex flex-col relative items-end\"><div><div class=\"pt-0.5\">\u00a0<\/div><\/div><\/div><div class=\"relative flex w-full flex-col lg:w-[calc(100%-115px)] agent-turn\"><div class=\"flex-col gap-1 md:gap-3\"><div class=\"flex flex-grow flex-col max-w-full\"><div class=\"min-h-[20px] text-message flex flex-col items-start gap-3 whitespace-pre-wrap break-words [.text-message+&amp;]:mt-5 overflow-x-auto\" data-message-author-role=\"assistant\" data-message-id=\"a329f708-8c53-411b-be45-681acd3a3b66\"><div class=\"markdown prose w-full break-words dark:prose-invert dark\"><p>En Joyitas de Acero queremos ofrecerte una amplia gama de productos, desde piezas delicadas y sencillas hasta dise\u00f1os m\u00e1s audaces y llamativos. La bisuter\u00eda incluye combinaciones de acero inoxidable con acabados dorados y plateados. Siempre estamos en constante renovaci\u00f3n por lo que nuestras colecci\u00f3n cambia cada temporada.<\/p><p><strong>Calidad y Durabilidad:<\/strong> Se destaca la durabilidad y resistencia del acero inoxidable, asegurando a los clientes que las piezas mantendr\u00e1n su brillo original y resistir\u00e1n el desgaste diario. Se proporciona informaci\u00f3n detallada sobre los materiales utilizados en cada producto.<\/p><p><strong>Proceso de Compra:<\/strong> El proceso de compra es sencillo y seguro. Los clientes pueden crear cuentas para realizar un seguimiento de sus pedidos, y se aceptan varias formas de pago, incluyendo tarjetas de cr\u00e9dito, PayPal y otros m\u00e9todos populares.<\/p><p><strong>Pol\u00edtica de Devoluciones y Garant\u00edas:<\/strong> Joyitas de Acero destaca su compromiso con la satisfacci\u00f3n del cliente, ofreciendo una pol\u00edtica de devoluciones sin complicaciones y garant\u00edas para asegurar que los clientes est\u00e9n satisfechos con sus compras.<\/p><p><strong>Blog y Consejos de Estilo:<\/strong> La tienda cuenta con un blog donde comparte tendencias de moda, consejos de estilo y detalles sobre la fabricaci\u00f3n de la bisuter\u00eda. Esto ayuda a los clientes a tomar decisiones informadas y a inspirarse en nuevas formas de lucir sus piezas.<\/p><p><strong>Redes Sociales y Comunidad:<\/strong> Joyitas de Acero est\u00e1 activo en redes sociales, compartiendo im\u00e1genes de clientes satisfechos, promociones exclusivas y participando en conversaciones con la comunidad de amantes de la bisuter\u00eda de acero.<\/p><p>En resumen, Joyitas de Acero se presenta como una tienda en l\u00ednea que ofrece no solo productos de alta calidad, sino tambi\u00e9n una experiencia de compra envolvente y amigable para los amantes de la bisuter\u00eda de acero.<\/p><\/div><\/div><\/div><\/div><\/div>\t\t\t\t\t\t\t\t<\/div>\n\t\t\t\t<\/div>\n\t\t\t\t\t<\/div>\n\t\t<\/div>\n\t\t\t\t\t<\/div>\n\t\t<\/section>\n\t\t<div class=\"elementor-element elementor-element-1795c7e e-flex e-con-boxed e-con e-parent\" data-id=\"1795c7e\" data-element_type=\"container\" data-e-type=\"container\">\n\t\t\t\t\t<div class=\"e-con-inner\">\n\t\t<div class=\"elementor-element elementor-element-4f1e817 e-flex e-con-boxed e-con e-child\" data-id=\"4f1e817\" data-element_type=\"container\" data-e-type=\"container\">\n\t\t\t\t\t<div class=\"e-con-inner\">\n\t\t\t\t<div class=\"elementor-element elementor-element-ff51046 elementor-position-inline-start elementor-view-default elementor-mobile-position-block-start elementor-widget elementor-widget-icon-box\" data-id=\"ff51046\" data-element_type=\"widget\" data-e-type=\"widget\" data-widget_type=\"icon-box.default\">\n\t\t\t\t<div class=\"elementor-widget-container\">\n\t\t\t\t\t\t\t<div class=\"elementor-icon-box-wrapper\">\n\n\t\t\t\t\t\t<div class=\"elementor-icon-box-icon\">\n\t\t\t\t<span  class=\"elementor-icon\">\n\t\t\t\t<svg aria-hidden=\"true\" class=\"e-font-icon-svg e-fas-asterisk\" viewBox=\"0 0 512 512\" xmlns=\"http:\/\/www.w3.org\/2000\/svg\"><path d=\"M478.21 334.093L336 256l142.21-78.093c11.795-6.477 15.961-21.384 9.232-33.037l-19.48-33.741c-6.728-11.653-21.72-15.499-33.227-8.523L296 186.718l3.475-162.204C299.763 11.061 288.937 0 275.48 0h-38.96c-13.456 0-24.283 11.061-23.994 24.514L216 186.718 77.265 102.607c-11.506-6.976-26.499-3.13-33.227 8.523l-19.48 33.741c-6.728 11.653-2.562 26.56 9.233 33.037L176 256 33.79 334.093c-11.795 6.477-15.961 21.384-9.232 33.037l19.48 33.741c6.728 11.653 21.721 15.499 33.227 8.523L216 325.282l-3.475 162.204C212.237 500.939 223.064 512 236.52 512h38.961c13.456 0 24.283-11.061 23.995-24.514L296 325.282l138.735 84.111c11.506 6.976 26.499 3.13 33.227-8.523l19.48-33.741c6.728-11.653 2.563-26.559-9.232-33.036z\"><\/path><\/svg>\t\t\t\t<\/span>\n\t\t\t<\/div>\n\t\t\t\n\t\t\t\t\t\t<div class=\"elementor-icon-box-content\">\n\n\t\t\t\t\n\t\t\t\t\t\t\t\t\t<p class=\"elementor-icon-box-description\">\n\t\t\t\t\t\tRecuerda que estas son solo sugerencias y que la moda es subjetiva. \u00a1Si\u00e9ntete libre de expresar tu estilo personal y experimentar con diferentes combinaciones hasta encontrar la que te haga sentir m\u00e1s c\u00f3modo y aut\u00e9ntico!\t\t\t\t\t<\/p>\n\t\t\t\t\n\t\t\t<\/div>\n\t\t\t\n\t\t<\/div>\n\t\t\t\t\t\t<\/div>\n\t\t\t\t<\/div>\n\t\t\t\t\t<\/div>\n\t\t\t\t<\/div>\n\t\t\t\t\t<\/div>\n\t\t\t\t<\/div>\n\t\t\t\t<section class=\"elementor-section elementor-top-section elementor-element elementor-element-9aa0535 elementor-section-height-min-height elementor-section-boxed elementor-section-height-default elementor-section-items-middle\" data-id=\"9aa0535\" data-element_type=\"section\" data-e-type=\"section\" data-settings=\"{&quot;background_background&quot;:&quot;classic&quot;}\">\n\t\t\t\t\t\t\t<div class=\"elementor-background-overlay\"><\/div>\n\t\t\t\t\t\t\t<div class=\"elementor-container elementor-column-gap-default\">\n\t\t\t\t\t<div class=\"elementor-column elementor-col-100 elementor-top-column elementor-element elementor-element-59c4b33\" data-id=\"59c4b33\" data-element_type=\"column\" data-e-type=\"column\">\n\t\t\t<div class=\"elementor-widget-wrap elementor-element-populated\">\n\t\t\t\t\t\t<div class=\"elementor-element elementor-element-af1845d elementor-widget elementor-widget-heading\" data-id=\"af1845d\" data-element_type=\"widget\" data-e-type=\"widget\" data-widget_type=\"heading.default\">\n\t\t\t\t<div class=\"elementor-widget-container\">\n\t\t\t\t\t<h2 class=\"elementor-heading-title elementor-size-default\">Cositas nuevas en la tienda<\/h2>\t\t\t\t<\/div>\n\t\t\t\t<\/div>\n\t\t\t\t\t<\/div>\n\t\t<\/div>\n\t\t\t\t\t<\/div>\n\t\t<\/section>\n\t\t\t\t<section class=\"elementor-section elementor-top-section elementor-element elementor-element-52b29c6 elementor-section-boxed elementor-section-height-default elementor-section-height-default\" data-id=\"52b29c6\" data-element_type=\"section\" data-e-type=\"section\">\n\t\t\t\t\t\t<div class=\"elementor-container elementor-column-gap-default\">\n\t\t\t\t\t<div class=\"elementor-column elementor-col-100 elementor-top-column elementor-element elementor-element-f3e36ca\" data-id=\"f3e36ca\" data-element_type=\"column\" data-e-type=\"column\">\n\t\t\t<div class=\"elementor-widget-wrap\">\n\t\t\t\t\t\t\t<\/div>\n\t\t<\/div>\n\t\t\t\t\t<\/div>\n\t\t<\/section>\n\t\t\t\t<\/div>\n\t\t","protected":false},"excerpt":{"rendered":"<p>Descubre la Elegancia Joyitas de Acero \u00a0 En Joyitas de Acero queremos ofrecerte una amplia gama de productos, desde piezas delicadas y sencillas hasta dise\u00f1os m\u00e1s audaces y llamativos. La bisuter\u00eda incluye combinaciones de acero inoxidable con acabados dorados y plateados. Siempre estamos en constante renovaci\u00f3n por lo que nuestras colecci\u00f3n cambia cada temporada. Calidad [&hellip;]<\/p>\n","protected":false},"author":1,"featured_media":0,"parent":0,"menu_order":0,"comment_status":"closed","ping_status":"closed","template":"elementor_header_footer","meta":{"_seopress_robots_primary_cat":"","_seopress_titles_title":"La Elegancia del Acero: Joyitas \u00danicas y Duraderas","_seopress_titles_desc":"Explora joyas de acero elegantes y resistentes. Compra f\u00e1cil y segura con Joyitas de Acero. Descubre tendencias y garantiza satisfacci\u00f3n.","_seopress_robots_index":"","footnotes":""},"class_list":["post-1767","page","type-page","status-publish","hentry"],"_links":{"self":[{"href":"https:\/\/miurltemporal.com/main/joyitasdeacero.es\/wp-json\/wp\/v2\/pages\/1767","targetHints":{"allow":["GET"]}}],"collection":[{"href":"https:\/\/miurltemporal.com/main/joyitasdeacero.es\/wp-json\/wp\/v2\/pages"}],"about":[{"href":"https:\/\/miurltemporal.com/main/joyitasdeacero.es\/wp-json\/wp\/v2\/types\/page"}],"author":[{"embeddable":true,"href":"https:\/\/miurltemporal.com/main/joyitasdeacero.es\/wp-json\/wp\/v2\/users\/1"}],"replies":[{"embeddable":true,"href":"https:\/\/miurltemporal.com/main/joyitasdeacero.es\/wp-json\/wp\/v2\/comments?post=1767"}],"version-history":[{"count":0,"href":"https:\/\/miurltemporal.com/main/joyitasdeacero.es\/wp-json\/wp\/v2\/pages\/1767\/revisions"}],"wp:attachment":[{"href":"https:\/\/miurltemporal.com/main/joyitasdeacero.es\/wp-json\/wp\/v2\/media?parent=1767"}],"curies":[{"name":"wp","href":"https:\/\/api.w.org\/{rel}","templated":true}]}}